{"id":39,"date":"2021-03-09T09:35:33","date_gmt":"2021-03-09T09:35:33","guid":{"rendered":"https:\/\/mario-storz.de\/?page_id=39"},"modified":"2021-03-22T13:45:37","modified_gmt":"2021-03-22T13:45:37","slug":"gemeindeentwicklungskonzept-strategie-engstingen-2035","status":"publish","type":"page","link":"https:\/\/mario-storz.de\/?page_id=39","title":{"rendered":"STRATEGIE Engstingen 2035"},"content":{"rendered":"\n<p>Wie wollen wir k\u00fcnftig in der Gemeinde Engstingen leben? Welche Themen und Ziele sind uns wichtig? Welche Schwerpunkte wollen wir setzen, um als Gemeinde auch k\u00fcnftig attraktiv zu sein?<\/p>\n\n\n\n<p>Mit diesen Fragen haben wir uns bei der Erstellung unseres Gemeindeentwicklungskonzepts \u201eSTRATEGIE Engstingen 2035\u201c intensiv befasst und uns in einem breit angelegten B\u00fcrgerbeteiligungsprozess ausgetauscht.<\/p>\n\n\n\n<p>Die Ergebnisse des Gemeindeentwicklungskonzepts bilden wichtige Leitlinien f\u00fcr die weitere Entwicklung unserer Gemeinde.<\/p>\n\n\n\n<figure class=\"wp-block-image size-large\"><img loading=\"lazy\" width=\"1024\" height=\"478\" src=\"https:\/\/mario-storz.de\/wp-content\/uploads\/2021\/03\/image-4-1024x478.png\" alt=\"\" class=\"wp-image-209\" srcset=\"https:\/\/mario-storz.de\/wp-content\/uploads\/2021\/03\/image-4-1024x478.png 1024w, https:\/\/mario-storz.de\/wp-content\/uploads\/2021\/03\/image-4-300x140.png 300w, https:\/\/mario-storz.de\/wp-content\/uploads\/2021\/03\/image-4-768x359.png 768w, https:\/\/mario-storz.de\/wp-content\/uploads\/2021\/03\/image-4.png 1276w\" sizes=\"(max-width: 1024px) 100vw, 1024px\" \/><\/figure>\n\n\n\n<blockquote class=\"wp-block-quote\"><p><strong>Meine Ziele f\u00fcr eine zweite Amtszeit:<\/strong><\/p><\/blockquote>\n\n\n\n<ul><li>Umsetzung von Ma\u00dfnahmen und Ideen aus dem Gemeindeentwicklungskonzept STRATEGIE Engstingen 2035 aus den folgenden Bereichen: <br>Bauen, Wohnen und \u00f6ffentlicher Raum, Mobilit\u00e4t und Klimaschutz, Wirtschaft, Arbeit, und Versorgung, Bildung, Betreuung und Soziales, Kultur, Freizeit und B\u00fcrgerschaftliches Engagement<\/li><li>Durchf\u00fchrung von weiteren, projektbezogenen B\u00fcrgerbeteiligungsprozessen<\/li><\/ul>\n","protected":false},"excerpt":{"rendered":"<p>Wie wollen wir k\u00fcnftig in der Gemeinde Engstingen leben? Welche Themen und Ziele sind uns wichtig? Welche Schwerpunkte wollen wir setzen, um als Gemeinde auch k\u00fcnftig attraktiv zu sein? Mit diesen Fragen haben wir uns bei der Erstellung unseres Gemeindeentwicklungskonzepts \u201eSTRATEGIE Engstingen 2035\u201c intensiv befasst und uns in einem breit angelegten B\u00fcrgerbeteiligungsprozess ausgetauscht. Die Ergebnisse [&hellip;]<\/p>\n","protected":false},"author":1,"featured_media":0,"parent":0,"menu_order":0,"comment_status":"closed","ping_status":"closed","template":"","meta":[],"_links":{"self":[{"href":"https:\/\/mario-storz.de\/index.php?rest_route=\/wp\/v2\/pages\/39"}],"collection":[{"href":"https:\/\/mario-storz.de\/index.php?rest_route=\/wp\/v2\/pages"}],"about":[{"href":"https:\/\/mario-storz.de\/index.php?rest_route=\/wp\/v2\/types\/page"}],"author":[{"embeddable":true,"href":"https:\/\/mario-storz.de\/index.php?rest_route=\/wp\/v2\/users\/1"}],"replies":[{"embeddable":true,"href":"https:\/\/mario-storz.de\/index.php?rest_route=%2Fwp%2Fv2%2Fcomments&post=39"}],"version-history":[{"count":6,"href":"https:\/\/mario-storz.de\/index.php?rest_route=\/wp\/v2\/pages\/39\/revisions"}],"predecessor-version":[{"id":211,"href":"https:\/\/mario-storz.de\/index.php?rest_route=\/wp\/v2\/pages\/39\/revisions\/211"}],"wp:attachment":[{"href":"https:\/\/mario-storz.de\/index.php?rest_route=%2Fwp%2Fv2%2Fmedia&parent=39"}],"curies":[{"name":"wp","href":"https:\/\/api.w.org\/{rel}","templated":true}]}}